{"id":22,"date":"2021-05-21T21:27:57","date_gmt":"2021-05-21T21:27:57","guid":{"rendered":"https:\/\/www.supporto.mx\/?page_id=22"},"modified":"2021-05-28T13:57:22","modified_gmt":"2021-05-28T13:57:22","slug":"politicas","status":"publish","type":"page","link":"https:\/\/www.supporto.mx\/index.php\/politicas\/","title":{"rendered":"Pol\u00edticas de Privacidad"},"content":{"rendered":"\t\t<div data-elementor-type=\"wp-page\" data-elementor-id=\"22\" class=\"elementor elementor-22\">\n\t\t\t\t\t\t<section class=\"elementor-section elementor-top-section elementor-element elementor-element-31e0b08 elementor-section-boxed elementor-section-height-default elementor-section-height-default\" data-id=\"31e0b08\" data-element_type=\"section\" data-e-type=\"section\">\n\t\t\t\t\t\t<div class=\"elementor-container elementor-column-gap-default\">\n\t\t\t\t\t<div class=\"elementor-column elementor-col-100 elementor-top-column elementor-element elementor-element-801b6a9\" data-id=\"801b6a9\" data-element_type=\"column\" data-e-type=\"column\">\n\t\t\t<div class=\"elementor-widget-wrap elementor-element-populated\">\n\t\t\t\t\t\t<section class=\"elementor-section elementor-inner-section elementor-element elementor-element-7fae159 elementor-section-boxed elementor-section-height-default elementor-section-height-default\" data-id=\"7fae159\" data-element_type=\"section\" data-e-type=\"section\">\n\t\t\t\t\t\t<div class=\"elementor-container elementor-column-gap-default\">\n\t\t\t\t\t<div class=\"elementor-column elementor-col-100 elementor-inner-column elementor-element elementor-element-6595fb3\" data-id=\"6595fb3\" data-element_type=\"column\" data-e-type=\"column\">\n\t\t\t<div class=\"elementor-widget-wrap elementor-element-populated\">\n\t\t\t\t\t\t<div class=\"elementor-element elementor-element-02abb58 elementor-widget elementor-widget-heading\" data-id=\"02abb58\" data-element_type=\"widget\" data-e-type=\"widget\" data-widget_type=\"heading.default\">\n\t\t\t\t<div class=\"elementor-widget-container\">\n\t\t\t\t\t<h2 class=\"elementor-heading-title elementor-size-default\">Pol\u00edticas de privacidad<\/h2>\t\t\t\t<\/div>\n\t\t\t\t<\/div>\n\t\t\t\t<div class=\"elementor-element elementor-element-b3bb44b elementor-widget elementor-widget-heading\" data-id=\"b3bb44b\" data-element_type=\"widget\" data-e-type=\"widget\" data-widget_type=\"heading.default\">\n\t\t\t\t<div class=\"elementor-widget-container\">\n\t\t\t\t\t<h2 class=\"elementor-heading-title elementor-size-default\">Protecci\u00f3n de datos personales<\/h2>\t\t\t\t<\/div>\n\t\t\t\t<\/div>\n\t\t\t\t\t<\/div>\n\t\t<\/div>\n\t\t\t\t\t<\/div>\n\t\t<\/section>\n\t\t\t\t<section class=\"elementor-section elementor-inner-section elementor-element elementor-element-96793e4 elementor-section-boxed elementor-section-height-default elementor-section-height-default\" data-id=\"96793e4\" data-element_type=\"section\" data-e-type=\"section\">\n\t\t\t\t\t\t<div class=\"elementor-container elementor-column-gap-default\">\n\t\t\t\t\t<div class=\"elementor-column elementor-col-100 elementor-inner-column elementor-element elementor-element-80a1a59\" data-id=\"80a1a59\" data-element_type=\"column\" data-e-type=\"column\">\n\t\t\t<div class=\"elementor-widget-wrap elementor-element-populated\">\n\t\t\t\t\t\t<div class=\"elementor-element elementor-element-fc5a601 elementor-widget elementor-widget-text-editor\" data-id=\"fc5a601\" data-element_type=\"widget\" data-e-type=\"widget\" data-widget_type=\"text-editor.default\">\n\t\t\t\t<div class=\"elementor-widget-container\">\n\t\t\t\t\t\t\t\t\t<p>Los Usuarios y Socios registrados de SUPPORTO.MX en el sitio de internet https:\/\/www.supporto.mx\/ (en lo sucesivo \u201cEL SITIO\u201d) se obligan y comprometen a usar y a navegar por EL SITIO antes se\u00f1alado y a utilizar el contenido del mismo de buena fe y bajo su propia responsabilidad.<\/p><p>Del mismo modo, hacemos de su conocimiento que el llenado de cualquier formulario existente en EL SITIO o la remisi\u00f3n de un correo electr\u00f3nico a cualquiera de nuestros buzones implica la aceptaci\u00f3n de esta pol\u00edtica de privacidad, as\u00ed como la autorizaci\u00f3n a SUPPORTO.MX para que use y trate la informaci\u00f3n y datos personales que usted nos facilite para los fines a que haya lugar en relaci\u00f3n con EL SITIO.<\/p><p>Por la mera visita a EL SITIO los Usuarios no facilitan informaci\u00f3n personal alguna ni quedan obligados a facilitarla. Solicitamos su informaci\u00f3n personal ya que nos ayuda a brindarle un mejor servicio y con ella podemos ofrecerle acceso a nuestra gama de productos y servicios. Enunciativa, m\u00e1s no limitativamente, dentro de la informaci\u00f3n que le solicitaremos, est\u00e1n su(s) nombre(s) y apellidos completos, direcci\u00f3n de correo electr\u00f3nico, tel\u00e9fonos y nombre de su empresa.<\/p><p>El servidor en donde est\u00e1 alojado EL SITIO utiliza cookies para mejorar el servicio prestado por SUPPORTO.MX. Estas cookies se instalan autom\u00e1ticamente en la computadora empleada por los Socios y Usuarios de SUPPORTO.MX pero no almacenan ning\u00fan tipo de informaci\u00f3n relativa a \u00e9stos.<\/p><p>SUPPORTO.MX se compromete a guardar la m\u00e1xima protecci\u00f3n y confidencialidad sobre la informaci\u00f3n que usted nos facilite por medio de EL SITIO y a utilizarla \u00fanicamente para los fines indicados.<\/p><p>Cuando se encuentre en EL SITIO y le pidan datos personales, usted compartir\u00e1 la informaci\u00f3n solo con SUPPORTO.MX salvo que se especifique lo contrario.<\/p><p>SUPPORTO.MX no compartir\u00e1 la informaci\u00f3n confidencial con terceras partes, excepto que tenga expresa autorizaci\u00f3n de quienes se suscribieron, o cuando haya sido requerido por orden judicial para cumplir con las disposiciones procesales.<\/p><p>SUPPORTO.MX no vende ni alquila la informaci\u00f3n de los usuarios. Si los datos personales del usuario debieran ser compartidos con socios comerciales o patrocinantes, el usuario ser\u00e1 notificado antes que \u00e9stos sean recogidos o transferidos. Si el usuario no desea que sus datos sean compartidos, puede decidir no utilizar un servicio determinado o no participar en algunas promociones o concursos.<\/p><p>SUPPORTO.MX puede difundir las estad\u00edsticas en conjunto de los usuarios (por ejemplo, el porcentaje de nuestros usuarios que son mujeres o mayores a determinada edad, etc.) para describir nuestros servicios y para otros prop\u00f3sitos l\u00edcitos en los casos que marque la ley.<\/p><p>SUPPORTO.MX puede difundir la informaci\u00f3n de la cuenta en casos especiales cuando pensemos que proporcionar esta informaci\u00f3n puede servir para identificar, localizar o realizar acciones legales contra personas que pudiesen infringir las condiciones del servicio de los sitios de SUPPORTO.MX o causar da\u00f1os o interferencia sobre los derechos de SUPPORTO.MX o sus propiedades, de otros usuarios de EL SITIO de SUPPORTO.MX o de cualquier otra persona que pudiese resultar perjudicada por dichas actividades. SUPPORTO.MX puede difundir u obtener acceso a la informaci\u00f3n de cuenta cuando, actuando de buena fe, creamos que es necesario por razones legales, administrativas o de otra \u00edndole y lo consideremos necesario para mantener, proporcionar y desarrollar nuestros productos y servicios.<\/p><p>SUPPORTO.MX no asume ninguna obligaci\u00f3n de mantener confidencial cualquier otra informaci\u00f3n que el usuario proporcione, incluyendo aquella informaci\u00f3n que el usuario proporcione a trav\u00e9s de boletines y pl\u00e1ticas en l\u00ednea (chats), as\u00ed como la informaci\u00f3n que obtenga a trav\u00e9s de los cookies que se describieron anteriormente, lo anterior en t\u00e9rminos de lo establecido en el art\u00edculo 109 de la Ley Federal de los Derechos de Autor y de la fracci\u00f3n I, del art\u00edculo 76 bis de la Ley Federal de Protecci\u00f3n al Consumidor.<\/p><p>SUPPORTO.MX presume que los datos han sido introducidos por su titular o por una persona autorizada por \u00e9ste, siendo en ambos casos mayores de edad, as\u00ed como que son verdaderos, correctos y exactos.<\/p><p>SUPPORTO.MX ha adoptado los niveles de seguridad adecuados a los datos facilitados por sus Usuarios y\/o Socios y, adem\u00e1s, ha instalado todos los medios y medidas a su alcance para evitar, en la medida de lo posible, la p\u00e9rdida, mal uso, alteraci\u00f3n, acceso no autorizado y extracci\u00f3n de los mismos, sin embargo, al aceptar las presentes Pol\u00edticas de Privacidad, el Usuario y\/o Socio expresamente acepta y reconoce que SUPPORTO.MX no ser\u00e1 responsable por el acceso y uso no autorizado de dicha informaci\u00f3n, o en violaci\u00f3n a los sistemas de seguridad que SUPPORTO.MX ha instalado por parte de terceros.<\/p><p>A continuaci\u00f3n, SUPPORTO.MX le expondr\u00e1 brevemente los principios que rigen sus pol\u00edticas de privacidad y confidencialidad para la informaci\u00f3n proporcionada por los usuarios de sus servicios electr\u00f3nicos en l\u00ednea:<\/p><ol><li>SUPPORTO.MX \u00fanicamente recabar\u00e1 la informaci\u00f3n del socio que es necesaria para brindarle los servicios personalizados que se encuentran disponibles en sus sitios en Internet, la cual se utilizar\u00e1 \u00fanicamente para los fines que es solicitada.<\/li><li>SUPPORTO.MX se esfuerza por asegurar la calidad de la informaci\u00f3n que se recaba sobre nuestros usuarios de servicios en l\u00ednea, particularmente cuando se haya obtenido a trav\u00e9s de alg\u00fan proveedor de informaci\u00f3n o de servicios.<\/li><li>SUPPORTO.MX enfoca sus esfuerzos para ofrecer la tecnolog\u00eda m\u00e1s moderna y actualizada a fin de ofrecer a sus socios\/usuarios la mayor seguridad posible en el manejo y transferencia de la informaci\u00f3n que es requerida en los diversos procesos de requerimiento de datos.<\/li><li>SUPPORTO.MX evita la divulgaci\u00f3n de informaci\u00f3n acerca del socio\/usuario, haci\u00e9ndolo \u00fanicamente respecto de aquellos datos que expresamente sean autorizados para ello.<\/li><li>En todo momento, SUPPORTO.MX est\u00e1 atento a las inquietudes que manifiesten nuestros socios\/usuarios respecto al manejo de la informaci\u00f3n que proporcionen para los diversos procesos en l\u00ednea.<\/li><li>SUPPORTO.MX cuida de que estos principios de privacidad\/confidencialidad se extiendan al conjunto de relaciones comerciales al interior del grupo.<\/li><li>SUPPORTO.MX comparte la responsabilidad del cuidado de la informaci\u00f3n con sus empleados, haci\u00e9ndolos copart\u00edcipes de los lineamientos expuestos en los documentos de &#8220;Pol\u00edticas de privacidad&#8221;.<\/li><\/ol><p>Sin embargo, y a pesar de contar cada d\u00eda con herramientas m\u00e1s seguras, la protecci\u00f3n de los datos enviados a trav\u00e9s de Internet no se puede garantizar al 100%; por lo que una vez recibidos, se har\u00e1 todo lo posible por salvaguardar la informaci\u00f3n.<\/p>\t\t\t\t\t\t\t\t<\/div>\n\t\t\t\t<\/div>\n\t\t\t\t\t<\/div>\n\t\t<\/div>\n\t\t\t\t\t<\/div>\n\t\t<\/section>\n\t\t\t\t\t<\/div>\n\t\t<\/div>\n\t\t\t\t\t<\/div>\n\t\t<\/section>\n\t\t\t\t<\/div>\n\t\t","protected":false},"excerpt":{"rendered":"<p>Pol\u00edticas de privacidad Protecci\u00f3n de datos personales Los Usuarios y Socios registrados de SUPPORTO.MX en el sitio de internet https:\/\/www.supporto.mx\/ (en lo sucesivo \u201cEL SITIO\u201d) se obligan y comprometen a usar y a navegar por EL SITIO antes se\u00f1alado y a utilizar el contenido del mismo de buena fe y bajo su propia responsabilidad. Del [&hellip;]<\/p>\n","protected":false},"author":2,"featured_media":0,"parent":0,"menu_order":0,"comment_status":"closed","ping_status":"closed","template":"","meta":{"site-sidebar-layout":"no-sidebar","site-content-layout":"page-builder","ast-site-content-layout":"default","site-content-style":"default","site-sidebar-style":"default","ast-global-header-display":"","ast-banner-title-visibility":"","ast-main-header-display":"","ast-hfb-above-header-display":"","ast-hfb-below-header-display":"","ast-hfb-mobile-header-display":"","site-post-title":"disabled","ast-breadcrumbs-content":"","ast-featured-img":"disabled","footer-sml-layout":"","ast-disable-related-posts":"","theme-transparent-header-meta":"default","adv-header-id-meta":"","stick-header-meta":"","header-above-stick-meta":"","header-main-stick-meta":"","header-below-stick-meta":"","astra-migrate-meta-layouts":"default","ast-page-background-enabled":"default","ast-page-background-meta":{"desktop":{"background-color":"","background-image":"","background-repeat":"repeat","background-position":"center center","background-size":"auto","background-attachment":"scroll","background-type":"","background-media":"","overlay-type":"","overlay-color":"","overlay-opacity":"","overlay-gradient":""},"tablet":{"background-color":"","background-image":"","background-repeat":"repeat","background-position":"center center","background-size":"auto","background-attachment":"scroll","background-type":"","background-media":"","overlay-type":"","overlay-color":"","overlay-opacity":"","overlay-gradient":""},"mobile":{"background-color":"","background-image":"","background-repeat":"repeat","background-position":"center center","background-size":"auto","background-attachment":"scroll","background-type":"","background-media":"","overlay-type":"","overlay-color":"","overlay-opacity":"","overlay-gradient":""}},"ast-content-background-meta":{"desktop":{"background-color":"var(--ast-global-color-5)","background-image":"","background-repeat":"repeat","background-position":"center center","background-size":"auto","background-attachment":"scroll","background-type":"","background-media":"","overlay-type":"","overlay-color":"","overlay-opacity":"","overlay-gradient":""},"tablet":{"background-color":"var(--ast-global-color-5)","background-image":"","background-repeat":"repeat","background-position":"center center","background-size":"auto","background-attachment":"scroll","background-type":"","background-media":"","overlay-type":"","overlay-color":"","overlay-opacity":"","overlay-gradient":""},"mobile":{"background-color":"var(--ast-global-color-5)","background-image":"","background-repeat":"repeat","background-position":"center center","background-size":"auto","background-attachment":"scroll","background-type":"","background-media":"","overlay-type":"","overlay-color":"","overlay-opacity":"","overlay-gradient":""}},"footnotes":""},"class_list":["post-22","page","type-page","status-publish","hentry"],"yoast_head":"<!-- This site is optimized with the Yoast SEO plugin v27.5 - https:\/\/yoast.com\/product\/yoast-seo-wordpress\/ -->\n<title>Pol\u00edticas de Privacidad - Supporto.MX<\/title>\n<meta name=\"robots\" content=\"noindex, follow\" \/>\n<meta property=\"og:locale\" content=\"es_MX\" \/>\n<meta property=\"og:type\" content=\"article\" \/>\n<meta property=\"og:title\" content=\"Pol\u00edticas de Privacidad - Supporto.MX\" \/>\n<meta property=\"og:description\" content=\"Pol\u00edticas de privacidad Protecci\u00f3n de datos personales Los Usuarios y Socios registrados de SUPPORTO.MX en el sitio de internet https:\/\/www.supporto.mx\/ (en lo sucesivo \u201cEL SITIO\u201d) se obligan y comprometen a usar y a navegar por EL SITIO antes se\u00f1alado y a utilizar el contenido del mismo de buena fe y bajo su propia responsabilidad. Del [&hellip;]\" \/>\n<meta property=\"og:url\" content=\"https:\/\/www.supporto.mx\/index.php\/politicas\/\" \/>\n<meta property=\"og:site_name\" content=\"Supporto.MX\" \/>\n<meta property=\"article:modified_time\" content=\"2021-05-28T13:57:22+00:00\" \/>\n<meta name=\"twitter:card\" content=\"summary_large_image\" \/>\n<meta name=\"twitter:label1\" content=\"Tiempo de lectura\" \/>\n\t<meta name=\"twitter:data1\" content=\"6 minutos\" \/>\n<script type=\"application\/ld+json\" class=\"yoast-schema-graph\">{\"@context\":\"https:\\\/\\\/schema.org\",\"@graph\":[{\"@type\":\"WebPage\",\"@id\":\"https:\\\/\\\/www.supporto.mx\\\/index.php\\\/politicas\\\/\",\"url\":\"https:\\\/\\\/www.supporto.mx\\\/index.php\\\/politicas\\\/\",\"name\":\"Pol\u00edticas de Privacidad - Supporto.MX\",\"isPartOf\":{\"@id\":\"https:\\\/\\\/www.supporto.mx\\\/#website\"},\"datePublished\":\"2021-05-21T21:27:57+00:00\",\"dateModified\":\"2021-05-28T13:57:22+00:00\",\"breadcrumb\":{\"@id\":\"https:\\\/\\\/www.supporto.mx\\\/index.php\\\/politicas\\\/#breadcrumb\"},\"inLanguage\":\"es\",\"potentialAction\":[{\"@type\":\"ReadAction\",\"target\":[\"https:\\\/\\\/www.supporto.mx\\\/index.php\\\/politicas\\\/\"]}]},{\"@type\":\"BreadcrumbList\",\"@id\":\"https:\\\/\\\/www.supporto.mx\\\/index.php\\\/politicas\\\/#breadcrumb\",\"itemListElement\":[{\"@type\":\"ListItem\",\"position\":1,\"name\":\"Home\",\"item\":\"https:\\\/\\\/www.supporto.mx\\\/\"},{\"@type\":\"ListItem\",\"position\":2,\"name\":\"Pol\u00edticas de Privacidad\"}]},{\"@type\":\"WebSite\",\"@id\":\"https:\\\/\\\/www.supporto.mx\\\/#website\",\"url\":\"https:\\\/\\\/www.supporto.mx\\\/\",\"name\":\"Supporto.MX\",\"description\":\"Haz de la tecnolog\u00eda tu mejor aliada\",\"publisher\":{\"@id\":\"https:\\\/\\\/www.supporto.mx\\\/#organization\"},\"potentialAction\":[{\"@type\":\"SearchAction\",\"target\":{\"@type\":\"EntryPoint\",\"urlTemplate\":\"https:\\\/\\\/www.supporto.mx\\\/?s={search_term_string}\"},\"query-input\":{\"@type\":\"PropertyValueSpecification\",\"valueRequired\":true,\"valueName\":\"search_term_string\"}}],\"inLanguage\":\"es\"},{\"@type\":\"Organization\",\"@id\":\"https:\\\/\\\/www.supporto.mx\\\/#organization\",\"name\":\"Supporto:MX\",\"url\":\"https:\\\/\\\/www.supporto.mx\\\/\",\"logo\":{\"@type\":\"ImageObject\",\"inLanguage\":\"es\",\"@id\":\"https:\\\/\\\/www.supporto.mx\\\/#\\\/schema\\\/logo\\\/image\\\/\",\"url\":\"https:\\\/\\\/www.supporto.mx\\\/wp-content\\\/uploads\\\/2021\\\/05\\\/cropped-favicon.png\",\"contentUrl\":\"https:\\\/\\\/www.supporto.mx\\\/wp-content\\\/uploads\\\/2021\\\/05\\\/cropped-favicon.png\",\"width\":512,\"height\":512,\"caption\":\"Supporto:MX\"},\"image\":{\"@id\":\"https:\\\/\\\/www.supporto.mx\\\/#\\\/schema\\\/logo\\\/image\\\/\"}}]}<\/script>\n<!-- \/ Yoast SEO plugin. -->","yoast_head_json":{"title":"Pol\u00edticas de Privacidad - Supporto.MX","robots":{"index":"noindex","follow":"follow"},"og_locale":"es_MX","og_type":"article","og_title":"Pol\u00edticas de Privacidad - Supporto.MX","og_description":"Pol\u00edticas de privacidad Protecci\u00f3n de datos personales Los Usuarios y Socios registrados de SUPPORTO.MX en el sitio de internet https:\/\/www.supporto.mx\/ (en lo sucesivo \u201cEL SITIO\u201d) se obligan y comprometen a usar y a navegar por EL SITIO antes se\u00f1alado y a utilizar el contenido del mismo de buena fe y bajo su propia responsabilidad. Del [&hellip;]","og_url":"https:\/\/www.supporto.mx\/index.php\/politicas\/","og_site_name":"Supporto.MX","article_modified_time":"2021-05-28T13:57:22+00:00","twitter_card":"summary_large_image","twitter_misc":{"Tiempo de lectura":"6 minutos"},"schema":{"@context":"https:\/\/schema.org","@graph":[{"@type":"WebPage","@id":"https:\/\/www.supporto.mx\/index.php\/politicas\/","url":"https:\/\/www.supporto.mx\/index.php\/politicas\/","name":"Pol\u00edticas de Privacidad - Supporto.MX","isPartOf":{"@id":"https:\/\/www.supporto.mx\/#website"},"datePublished":"2021-05-21T21:27:57+00:00","dateModified":"2021-05-28T13:57:22+00:00","breadcrumb":{"@id":"https:\/\/www.supporto.mx\/index.php\/politicas\/#breadcrumb"},"inLanguage":"es","potentialAction":[{"@type":"ReadAction","target":["https:\/\/www.supporto.mx\/index.php\/politicas\/"]}]},{"@type":"BreadcrumbList","@id":"https:\/\/www.supporto.mx\/index.php\/politicas\/#breadcrumb","itemListElement":[{"@type":"ListItem","position":1,"name":"Home","item":"https:\/\/www.supporto.mx\/"},{"@type":"ListItem","position":2,"name":"Pol\u00edticas de Privacidad"}]},{"@type":"WebSite","@id":"https:\/\/www.supporto.mx\/#website","url":"https:\/\/www.supporto.mx\/","name":"Supporto.MX","description":"Haz de la tecnolog\u00eda tu mejor aliada","publisher":{"@id":"https:\/\/www.supporto.mx\/#organization"},"potentialAction":[{"@type":"SearchAction","target":{"@type":"EntryPoint","urlTemplate":"https:\/\/www.supporto.mx\/?s={search_term_string}"},"query-input":{"@type":"PropertyValueSpecification","valueRequired":true,"valueName":"search_term_string"}}],"inLanguage":"es"},{"@type":"Organization","@id":"https:\/\/www.supporto.mx\/#organization","name":"Supporto:MX","url":"https:\/\/www.supporto.mx\/","logo":{"@type":"ImageObject","inLanguage":"es","@id":"https:\/\/www.supporto.mx\/#\/schema\/logo\/image\/","url":"https:\/\/www.supporto.mx\/wp-content\/uploads\/2021\/05\/cropped-favicon.png","contentUrl":"https:\/\/www.supporto.mx\/wp-content\/uploads\/2021\/05\/cropped-favicon.png","width":512,"height":512,"caption":"Supporto:MX"},"image":{"@id":"https:\/\/www.supporto.mx\/#\/schema\/logo\/image\/"}}]}},"_links":{"self":[{"href":"https:\/\/www.supporto.mx\/index.php\/wp-json\/wp\/v2\/pages\/22","targetHints":{"allow":["GET"]}}],"collection":[{"href":"https:\/\/www.supporto.mx\/index.php\/wp-json\/wp\/v2\/pages"}],"about":[{"href":"https:\/\/www.supporto.mx\/index.php\/wp-json\/wp\/v2\/types\/page"}],"author":[{"embeddable":true,"href":"https:\/\/www.supporto.mx\/index.php\/wp-json\/wp\/v2\/users\/2"}],"replies":[{"embeddable":true,"href":"https:\/\/www.supporto.mx\/index.php\/wp-json\/wp\/v2\/comments?post=22"}],"version-history":[{"count":15,"href":"https:\/\/www.supporto.mx\/index.php\/wp-json\/wp\/v2\/pages\/22\/revisions"}],"predecessor-version":[{"id":515,"href":"https:\/\/www.supporto.mx\/index.php\/wp-json\/wp\/v2\/pages\/22\/revisions\/515"}],"wp:attachment":[{"href":"https:\/\/www.supporto.mx\/index.php\/wp-json\/wp\/v2\/media?parent=22"}],"curies":[{"name":"wp","href":"https:\/\/api.w.org\/{rel}","templated":true}]}}